{"id":192,"date":"2020-06-21T01:36:20","date_gmt":"2020-06-20T23:36:20","guid":{"rendered":"https:\/\/artebuena.com\/?page_id=192"},"modified":"2020-06-21T01:39:20","modified_gmt":"2020-06-20T23:39:20","slug":"ksiazki","status":"publish","type":"page","link":"https:\/\/artebuena.com\/index.php\/ksiazki\/","title":{"rendered":"KSI\u0104\u017bKI"},"content":{"rendered":"<p>[et_pb_section fb_built=&#8221;1&#8243; _builder_version=&#8221;4.4.8&#8243;][et_pb_row _builder_version=&#8221;4.4.8&#8243;][et_pb_column _builder_version=&#8221;4.4.8&#8243; type=&#8221;4_4&#8243;][et_pb_post_title _builder_version=&#8221;4.4.8&#8243; hover_enabled=&#8221;0&#8243;][\/et_pb_post_title][\/et_pb_column][\/et_pb_row][et_pb_row _builder_version=&#8221;4.4.8&#8243; column_structure=&#8221;1_4,3_4&#8243;][et_pb_column _builder_version=&#8221;4.4.8&#8243; type=&#8221;1_4&#8243;][et_pb_image src=&#8221;https:\/\/artebuena.com\/wp-content\/uploads\/2020\/06\/MONOGRAFIA-WAC\u0141AW-SZPAKOWSKI-46.jpg&#8221; _builder_version=&#8221;4.4.8&#8243; alt=&#8221;MONOGRAFIA Wac\u0142aw SZPAKOWSKI | fot. Monika Aleksandrowicz&#8221; title_text=&#8221;MONOGRAFIA WAC\u0141AW SZPAKOWSKI 46&#8243; hover_enabled=&#8221;0&#8243;][\/et_pb_image][et_pb_image src=&#8221;https:\/\/artebuena.com\/wp-content\/uploads\/2020\/06\/MONOGRAFIA-WAC\u0141AW-SZPAKOWSKI-48.jpg&#8221; _builder_version=&#8221;4.4.8&#8243; alt=&#8221;MONOGRAFIA Wac\u0142aw SZPAKOWSKI | fot. Monika Aleksandrowicz&#8221; title_text=&#8221;MONOGRAFIA WAC\u0141AW SZPAKOWSKI 48&#8243; hover_enabled=&#8221;0&#8243;][\/et_pb_image][\/et_pb_column][et_pb_column _builder_version=&#8221;4.4.8&#8243; type=&#8221;3_4&#8243;][et_pb_text _builder_version=&#8221;4.4.8&#8243; hover_enabled=&#8221;0&#8243;]<\/p>\n<ul>\n<li>\u00ad\u00ad\u00adProjekt\u00a0katalogu Witolda Liszkowskiego, <em><strong>Fluktuacje \/ Fluctuations<\/strong><\/em>, wydawca OKiS, Wroc\u0142aw 2019<\/li>\n<li>Projekt i sk\u0142ad ksi\u0105\u017cki <strong><em>Mediacja Sztuki<\/em><\/strong>, seria wydawnicza Katedry Mediacji Sztuki, wydawca: ASP we Wroc\u0142awiu, Wroc\u0142aw 2019<\/li>\n<li>Projekt i sk\u0142ad albumu promuj\u0105cego ca\u0142okszta\u0142t tw\u00f3rczo\u015bci prof. Eugeniusza J\u00f3zefowskiego, <strong><em>Eugeniusz J\u00f3zefowski. <\/em><\/strong><strong><em>Na marginesie i w obronie przed marginalizacj\u0105<\/em><\/strong>, red. Eugeniusz J\u00f3zefowski, wydawca: ASP we Wroc\u0142awiu, Wroc\u0142aw 2019<\/li>\n<li>Projekt i sk\u0142ad, wsp\u00f3\u0142redakcja: <strong><em>Gra edukacyjna | S\u0142owo i obraz<\/em><\/strong>, seria wydawnicza Katedry Mediacji Sztuki, redaktor prowadz\u0105cy: dr hab. Daria Milecka prof. ASP, Wroc\u0142aw 2019\u00ad<\/li>\n<li>Projekt i sk\u0142ad albumu promuj\u0105cego ca\u0142okszta\u0142t tw\u00f3rczo\u015bci Ludwiki Ogorzelec, <strong><em>Ludwika \u00adOgorzelec. Krystalizacja przestrzeni<\/em><\/strong>, red. El\u017cbieta \u0141ubowicz (wersja polska i\u00a0angielska), Wydawca: Muzeum Architektury we Wroc\u0142awiu, Wroc\u0142aw 2019<\/li>\n<li>Projekt i sk\u0142ad katalogu <strong><em>Anna Maria KRAMM &amp; Daria MILECKA. Nazywam krople po imieniu<\/em><\/strong>, Galeria Dasein, Oberdorla, Stacja Sztuki im. Gerarda Bluma-Kwiatkowskiego, wydawca: ASP we Wroc\u0142awiu, Wroc\u0142aw 2018<\/li>\n<li>Projekt i sk\u0142ad albumu wystawy <strong><em>Ma\u0142gorzata Dajewska &amp; Piotr B\u0142a\u017cejewski DOPE\u0141NIANIE<\/em><\/strong>, Pa\u0142ac Schoena Muzeum w Sosnowcu, Wroc\u0142aw 2018<\/li>\n<li>Projekt i sk\u0142ad albumu promuj\u0105cego tw\u00f3rczo\u015b\u0107 fotograficzn\u0105 pt.: <strong><em>Ewa Andrzejewska. Wojciech Zawadzki. G\u00f3ry \u2013 Fotografia<\/em><\/strong>, redakcja, wyb\u00f3r prac, opracowanie: Joanna Mielech &amp; Tomek Mielech, Jelenia G\u00f3ra 2018<\/li>\n<li>Folder wystawy\u00a0<strong><em>G\u00f3ry x 19 | The Mountains x 19<\/em><\/strong>\u00a0w Galerii FOTO-GEN,\u00a0Wroc\u0142aw 2017<\/li>\n<li>Projekt katalogu,\u00a0<strong><em>Stanis\u0142aw K. Dawski<\/em><\/strong>, Galeria Miejska, Wroc\u0142aw 2017<\/li>\n<li>Folder wystawy\u00a0<strong><em>Czes\u0142awa Czapli\u0144skiego \u201eTwarze Sztuki | Faces of Art\u201d<\/em><\/strong>\u00a0w Galerii FOTO-GEN, Wroc\u0142aw 2017<\/li>\n<li>Projekt publikacji, autor: Andrzej Kosto\u0142owski,\u00a0<strong><em>WYKRESY I SZTUKA (Wyb\u00f3r zagadnie\u0144)<\/em><\/strong>, ASP Wroc\u0142aw, Wroc\u0142aw 2016<\/li>\n<li>Projekt albumu\u00a0kolekcjonerskiego,\u00a0<em><strong>Bronis\u0142aw Arciszewski,\u00a0115 fotografii z B\u0119dzina, Studio Arciszewski<\/strong><\/em>, red. Jakub Byrczek, Katowice\u00a02016<\/li>\n<li>Projekt ksi\u0105\u017cki, autor tekstu: \u0141ukasz P. Micho\u0144,\u00a0<em><strong>Mechanizm rytualny<\/strong><\/em>, wydawca SKIBA, Wroc\u0142aw 2016<\/li>\n<li>Projekt\u00a0katalogu wystawy\u00a0<em><strong>Wac\u0142aw Szpakowski 1883\u20131973, Linie rytmiczne<\/strong><\/em>, wydawca OKiS, Wroc\u0142aw 2016<\/li>\n<li>Projekt monografii\u00a0(polskiej i angielskiej\u00a0wersji j\u0119zykowej)\u00a0<em><strong>Wac\u0142aw Szpakowski 1883\u20131973, Linie rytmiczne<\/strong><\/em>, wydawca OKiS, Wroc\u0142aw 2015<\/li>\n<li>Projekt ksi\u0105\u017cki, autor tekstu: Lidia G\u0142uchowska,\u00a0<em><strong>Stanis\u0142aw Kubicki \u2013 In transitu<\/strong><\/em>, wydawca OKiS, Wroc\u0142aw 2015<\/li>\n<li>Projekt wystawy i opracowanie wydawnictwa\u00a0<strong><em>20 lat Pracowni Projektowej, Studio EL<\/em><\/strong>, Muzeum Architektury we Wroc\u0142awiu 2015<\/li>\n<li>Projekt monografii<strong>\u00a0<\/strong><em><strong>Piotr B\u0142a\u017cejewski, W drodze \u2013 razem ze mn\u0105<\/strong><\/em>, wydawca OKiS, Wroc\u0142aw 2014<\/li>\n<li>Projekt i wsp\u00f3\u0142praca przy realizacji albumu \u2013 dokumentuj\u0105cego \u017cycie Wandy Rutkiewicz,\u00a0<em><strong>Wanda Rutkiewicz<\/strong><\/em>, wydawca OKiS, Wroc\u0142aw 2013<\/li>\n<li>Projekt ksi\u0105\u017cki\u00a0<em><strong>Nadmiar i Brak,\u00a0<\/strong><\/em>wydawca ASP we Wroc\u0142awiu, Wroc\u0142aw 2013<\/li>\n<li>Projekt albumu, autor tekstu: Dominika Kowalewska,\u00a0<em><strong>Eugeniusz Geppert \u2013 w\u00a0nierzeczywisto\u015b\u0107<\/strong><\/em>, wydawca OKiS, Wroc\u0142aw 2013<\/li>\n<li>Projekt katalogu,\u00a0<em><strong>Bruno Schulz \u2013 Klisza Werk \u2013 Transgresiones<\/strong><\/em>, wydawca OKiS, Wroc\u0142aw 2013<\/li>\n<li>Projekt katalogu Kostasa Kiritsisa <strong><em>Fiction \/ Non-fiction<\/em><\/strong>, wydawca OKiS, Wroc\u0142aw 2013<\/li>\n<li>Projekt albumu \u2013 relacji z przebiegu Dolno\u015bl\u0105skiego Biennale Sztuki,\u00a0<em><strong>SAB SIlesia Art Biennale<\/strong><\/em>, wydawca OKiS, Wroc\u0142aw 2012<\/li>\n<li>Projekt katalog\u00f3w do wystaw realizowanych w ramach Spotka\u0144 Wyszehradzkich\u00a0<em><strong>Znad Dunaju, We\u0142tawy i Wis\u0142y. Medalierzy i ich dzie\u0142a<\/strong><\/em>. wydawca OKiS, Wroc\u0142aw 2008, 2012, 2013, 2014<\/li>\n<li>Projekt albumu, Natalia LL,\u00a0<em><strong>Opera Omnia<\/strong><\/em>, wydawca OKiS, Wroc\u0142aw 2009<\/li>\n<li>Projekt i realizacja strony internetowej po\u015bwi\u0119conej tw\u00f3rczo\u015bci Stanis\u0142awa Dr\u00f3\u017cd\u017ca.\u00a0<a href=\"http:\/\/www.drozdz.art.pl\/\"><em><strong>drozdz.art.pl<\/strong><\/em><\/a><\/li>\n<li>Projekt ksi\u0105\u017cki (polskiej i niemieckiej wersji j\u0119zykowej) oraz realizacja wystawiennicza dzie\u0142 Stanis\u0142awa Dr\u00f3\u017cd\u017ca,\u00a0<em><strong>pocz\u0105tekoniec<\/strong><\/em>, wydawca OKiS, Wroc\u0142aw 2009<\/li>\n<li>Projekt i realizacja wydawnicza katalogu\u00a0<em><strong>Ameryka\u0144skie metafory<\/strong><\/em>, GCK, Katowice 2009<\/li>\n<li>Projekt katalogu Jerzego Ko\u0142acza,\u00a0<em><strong>Mapy pami\u0119ci<\/strong><\/em>, wydawca OKiS, Wroc\u0142aw 2008<\/li>\n<li>Projekt katalogu Reiko Imoto,\u00a0<em><strong>Dreamscapes<\/strong><\/em>, wydawca OKiS, Wroc\u0142aw 2007<\/li>\n<li>Projekt i realizacja wydawnicza katalogu\u00a0<em><strong>Dwie Tradycje<\/strong><\/em>, GCK, Katowice 2007<\/li>\n<li>Projekt katalogu Andrzej Dudek-Durer,\u00a0<em style=\"font-size: 13px;\"><strong>Rekonstrukcja to\u017csamo\u015bci<\/strong><\/em><span style=\"font-size: 13px;\">, wydawca OKiS,\u00a0<\/span>Wroc\u0142aw 2006<\/li>\n<\/ul>\n<p>[\/et_pb_text][\/et_pb_column][\/et_pb_row][\/et_pb_section]<\/p>\n","protected":false},"excerpt":{"rendered":"<p>[et_pb_section fb_built=&#8221;1&#8243; _builder_version=&#8221;4.4.8&#8243;][et_pb_row _builder_version=&#8221;4.4.8&#8243;][et_pb_column _builder_version=&#8221;4.4.8&#8243; type=&#8221;4_4&#8243;][et_pb_post_title _builder_version=&#8221;4.4.8&#8243; hover_enabled=&#8221;0&#8243;][\/et_pb_post_title][\/et_pb_column][\/et_pb_row][et_pb_row _builder_version=&#8221;4.4.8&#8243; column_structure=&#8221;1_4,3_4&#8243;][et_pb_column _builder_version=&#8221;4.4.8&#8243; type=&#8221;1_4&#8243;][et_pb_image src=&#8221;https:\/\/artebuena.com\/wp-content\/uploads\/2020\/06\/MONOGRAFIA-WAC\u0141AW-SZPAKOWSKI-46.jpg&#8221; _builder_version=&#8221;4.4.8&#8243; alt=&#8221;MONOGRAFIA Wac\u0142aw SZPAKOWSKI | fot. Monika Aleksandrowicz&#8221; title_text=&#8221;MONOGRAFIA WAC\u0141AW SZPAKOWSKI 46&#8243; hover_enabled=&#8221;0&#8243;][\/et_pb_image][et_pb_image src=&#8221;https:\/\/artebuena.com\/wp-content\/uploads\/2020\/06\/MONOGRAFIA-WAC\u0141AW-SZPAKOWSKI-48.jpg&#8221; _builder_version=&#8221;4.4.8&#8243; alt=&#8221;MONOGRAFIA Wac\u0142aw SZPAKOWSKI | fot. Monika Aleksandrowicz&#8221; title_text=&#8221;MONOGRAFIA WAC\u0141AW SZPAKOWSKI 48&#8243; hover_enabled=&#8221;0&#8243;][\/et_pb_image][\/et_pb_column][et_pb_column _builder_version=&#8221;4.4.8&#8243; type=&#8221;3_4&#8243;][et_pb_text _builder_version=&#8221;4.4.8&#8243; hover_enabled=&#8221;0&#8243;] \u00ad\u00ad\u00adProjekt\u00a0katalogu Witolda Liszkowskiego, Fluktuacje \/ Fluctuations, wydawca OKiS, Wroc\u0142aw 2019 Projekt [&hellip;]<\/p>\n","protected":false},"author":1,"featured_media":0,"parent":0,"menu_order":0,"comment_status":"closed","ping_status":"closed","template":"","meta":{"_et_pb_use_builder":"on","_et_pb_old_content":"","_et_gb_content_width":"","footnotes":""},"class_list":["post-192","page","type-page","status-publish","hentry"],"_links":{"self":[{"href":"https:\/\/artebuena.com\/index.php\/wp-json\/wp\/v2\/pages\/192"}],"collection":[{"href":"https:\/\/artebuena.com\/index.php\/wp-json\/wp\/v2\/pages"}],"about":[{"href":"https:\/\/artebuena.com\/index.php\/wp-json\/wp\/v2\/types\/page"}],"author":[{"embeddable":true,"href":"https:\/\/artebuena.com\/index.php\/wp-json\/wp\/v2\/users\/1"}],"replies":[{"embeddable":true,"href":"https:\/\/artebuena.com\/index.php\/wp-json\/wp\/v2\/comments?post=192"}],"version-history":[{"count":3,"href":"https:\/\/artebuena.com\/index.php\/wp-json\/wp\/v2\/pages\/192\/revisions"}],"predecessor-version":[{"id":197,"href":"https:\/\/artebuena.com\/index.php\/wp-json\/wp\/v2\/pages\/192\/revisions\/197"}],"wp:attachment":[{"href":"https:\/\/artebuena.com\/index.php\/wp-json\/wp\/v2\/media?parent=192"}],"curies":[{"name":"wp","href":"https:\/\/api.w.org\/{rel}","templated":true}]}}

KSIĄŻKI

<p>[et_pb_section fb_built=&#8221;1&#8243; _builder_version=&#8221;4.4.8&#8243;][et_pb_row _builder_version=&#8221;4.4.8&#8243;][et_pb_column _builder_version=&#8221;4.4.8&#8243; type=&#8221;4_4&#8243;][et_pb_post_title _builder_version=&#8221;4.4.8&#8243; hover_enabled=&#8221;0&#8243;][/et_pb_post_title][/et_pb_column][/et_pb_row][et_pb_row _builder_version=&#8221;4.4.8&#8243; column_structure=&#8221;1_4,3_4&#8243;][et_pb_column _builder_version=&#8221;4.4.8&#8243; type=&#8221;1_4&#8243;][et_pb_image src=&#8221;https://artebuena.com/wp-content/uploads/2020/06/MONOGRAFIA-WACŁAW-SZPAKOWSKI-46.jpg&#8221; _builder_version=&#8221;4.4.8&#8243; alt=&#8221;MONOGRAFIA Wacław SZPAKOWSKI | fot. Monika Aleksandrowicz&#8221; title_text=&#8221;MONOGRAFIA WACŁAW SZPAKOWSKI 46&#8243; hover_enabled=&#8221;0&#8243;][/et_pb_image][et_pb_image src=&#8221;https://artebuena.com/wp-content/uploads/2020/06/MONOGRAFIA-WACŁAW-SZPAKOWSKI-48.jpg&#8221; _builder_version=&#8221;4.4.8&#8243; alt=&#8221;MONOGRAFIA Wacław SZPAKOWSKI | fot. Monika Aleksandrowicz&#8221; title_text=&#8221;MONOGRAFIA WACŁAW SZPAKOWSKI 48&#8243; hover_enabled=&#8221;0&#8243;][/et_pb_image][/et_pb_column][et_pb_column _builder_version=&#8221;4.4.8&#8243; type=&#8221;3_4&#8243;][et_pb_text _builder_version=&#8221;4.4.8&#8243; hover_enabled=&#8221;0&#8243;]</p>
<ul>
<li>­­­Projekt katalogu Witolda Liszkowskiego, <em><strong>Fluktuacje / Fluctuations</strong></em>, wydawca OKiS, Wrocław 2019</li>
<li>Projekt i skład książki <strong><em>Mediacja Sztuki</em></strong>, seria wydawnicza Katedry Mediacji Sztuki, wydawca: ASP we Wrocławiu, Wrocław 2019</li>
<li>Projekt i skład albumu promującego całokształt twórczości prof. Eugeniusza Józefowskiego, <strong><em>Eugeniusz Józefowski. </em></strong><strong><em>Na marginesie i w obronie przed marginalizacją</em></strong>, red. Eugeniusz Józefowski, wydawca: ASP we Wrocławiu, Wrocław 2019</li>
<li>Projekt i skład, współredakcja: <strong><em>Gra edukacyjna | Słowo i obraz</em></strong>, seria wydawnicza Katedry Mediacji Sztuki, redaktor prowadzący: dr hab. Daria Milecka prof. ASP, Wrocław 2019­</li>
<li>Projekt i skład albumu promującego całokształt twórczości Ludwiki Ogorzelec, <strong><em>Ludwika ­Ogorzelec. Krystalizacja przestrzeni</em></strong>, red. Elżbieta Łubowicz (wersja polska i angielska), Wydawca: Muzeum Architektury we Wrocławiu, Wrocław 2019</li>
<li>Projekt i skład katalogu <strong><em>Anna Maria KRAMM &amp; Daria MILECKA. Nazywam krople po imieniu</em></strong>, Galeria Dasein, Oberdorla, Stacja Sztuki im. Gerarda Bluma-Kwiatkowskiego, wydawca: ASP we Wrocławiu, Wrocław 2018</li>
<li>Projekt i skład albumu wystawy <strong><em>Małgorzata Dajewska &amp; Piotr Błażejewski DOPEŁNIANIE</em></strong>, Pałac Schoena Muzeum w Sosnowcu, Wrocław 2018</li>
<li>Projekt i skład albumu promującego twórczość fotograficzną pt.: <strong><em>Ewa Andrzejewska. Wojciech Zawadzki. Góry – Fotografia</em></strong>, redakcja, wybór prac, opracowanie: Joanna Mielech &amp; Tomek Mielech, Jelenia Góra 2018</li>
<li>Folder wystawy <strong><em>Góry x 19 | The Mountains x 19</em></strong> w Galerii FOTO-GEN, Wrocław 2017</li>
<li>Projekt katalogu, <strong><em>Stanisław K. Dawski</em></strong>, Galeria Miejska, Wrocław 2017</li>
<li>Folder wystawy <strong><em>Czesława Czaplińskiego „Twarze Sztuki | Faces of Art”</em></strong> w Galerii FOTO-GEN, Wrocław 2017</li>
<li>Projekt publikacji, autor: Andrzej Kostołowski, <strong><em>WYKRESY I SZTUKA (Wybór zagadnień)</em></strong>, ASP Wrocław, Wrocław 2016</li>
<li>Projekt albumu kolekcjonerskiego, <em><strong>Bronisław Arciszewski, 115 fotografii z Będzina, Studio Arciszewski</strong></em>, red. Jakub Byrczek, Katowice 2016</li>
<li>Projekt książki, autor tekstu: Łukasz P. Michoń, <em><strong>Mechanizm rytualny</strong></em>, wydawca SKIBA, Wrocław 2016</li>
<li>Projekt katalogu wystawy <em><strong>Wacław Szpakowski 1883–1973, Linie rytmiczne</strong></em>, wydawca OKiS, Wrocław 2016</li>
<li>Projekt monografii (polskiej i angielskiej wersji językowej) <em><strong>Wacław Szpakowski 1883–1973, Linie rytmiczne</strong></em>, wydawca OKiS, Wrocław 2015</li>
<li>Projekt książki, autor tekstu: Lidia Głuchowska, <em><strong>Stanisław Kubicki – In transitu</strong></em>, wydawca OKiS, Wrocław 2015</li>
<li>Projekt wystawy i opracowanie wydawnictwa <strong><em>20 lat Pracowni Projektowej, Studio EL</em></strong>, Muzeum Architektury we Wrocławiu 2015</li>
<li>Projekt monografii<strong> </strong><em><strong>Piotr Błażejewski, W drodze – razem ze mną</strong></em>, wydawca OKiS, Wrocław 2014</li>
<li>Projekt i współpraca przy realizacji albumu – dokumentującego życie Wandy Rutkiewicz, <em><strong>Wanda Rutkiewicz</strong></em>, wydawca OKiS, Wrocław 2013</li>
<li>Projekt książki <em><strong>Nadmiar i Brak, </strong></em>wydawca ASP we Wrocławiu, Wrocław 2013</li>
<li>Projekt albumu, autor tekstu: Dominika Kowalewska, <em><strong>Eugeniusz Geppert – w nierzeczywistość</strong></em>, wydawca OKiS, Wrocław 2013</li>
<li>Projekt katalogu, <em><strong>Bruno Schulz – Klisza Werk – Transgresiones</strong></em>, wydawca OKiS, Wrocław 2013</li>
<li>Projekt katalogu Kostasa Kiritsisa <strong><em>Fiction / Non-fiction</em></strong>, wydawca OKiS, Wrocław 2013</li>
<li>Projekt albumu – relacji z przebiegu Dolnośląskiego Biennale Sztuki, <em><strong>SAB SIlesia Art Biennale</strong></em>, wydawca OKiS, Wrocław 2012</li>
<li>Projekt katalogów do wystaw realizowanych w ramach Spotkań Wyszehradzkich <em><strong>Znad Dunaju, Wełtawy i Wisły. Medalierzy i ich dzieła</strong></em>. wydawca OKiS, Wrocław 2008, 2012, 2013, 2014</li>
<li>Projekt albumu, Natalia LL, <em><strong>Opera Omnia</strong></em>, wydawca OKiS, Wrocław 2009</li>
<li>Projekt i realizacja strony internetowej poświęconej twórczości Stanisława Dróżdża. <a href="http://www.drozdz.art.pl/"><em><strong>drozdz.art.pl</strong></em></a></li>
<li>Projekt książki (polskiej i niemieckiej wersji językowej) oraz realizacja wystawiennicza dzieł Stanisława Dróżdża, <em><strong>początekoniec</strong></em>, wydawca OKiS, Wrocław 2009</li>
<li>Projekt i realizacja wydawnicza katalogu <em><strong>Amerykańskie metafory</strong></em>, GCK, Katowice 2009</li>
<li>Projekt katalogu Jerzego Kołacza, <em><strong>Mapy pamięci</strong></em>, wydawca OKiS, Wrocław 2008</li>
<li>Projekt katalogu Reiko Imoto, <em><strong>Dreamscapes</strong></em>, wydawca OKiS, Wrocław 2007</li>
<li>Projekt i realizacja wydawnicza katalogu <em><strong>Dwie Tradycje</strong></em>, GCK, Katowice 2007</li>
<li>Projekt katalogu Andrzej Dudek-Durer, <em style="font-size: 13px;"><strong>Rekonstrukcja tożsamości</strong></em><span style="font-size: 13px;">, wydawca OKiS, </span>Wrocław 2006</li>
</ul>
<p>[/et_pb_text][/et_pb_column][/et_pb_row][/et_pb_section]</p>

<p>[et_pb_section fb_built=&#8221;1&#8243; _builder_version=&#8221;4.4.8&#8243;][et_pb_row _builder_version=&#8221;4.4.8&#8243;][et_pb_column _builder_version=&#8221;4.4.8&#8243; type=&#8221;4_4&#8243;][et_pb_post_title _builder_version=&#8221;4.4.8&#8243; hover_enabled=&#8221;0&#8243;][/et_pb_post_title][/et_pb_column][/et_pb_row][et_pb_row _builder_version=&#8221;4.4.8&#8243; column_structure=&#8221;1_4,3_4&#8243;][et_pb_column _builder_version=&#8221;4.4.8&#8243; type=&#8221;1_4&#8243;][et_pb_image src=&#8221;https://artebuena.com/wp-content/uploads/2020/06/MONOGRAFIA-WACŁAW-SZPAKOWSKI-46.jpg&#8221; _builder_version=&#8221;4.4.8&#8243; alt=&#8221;MONOGRAFIA Wacław SZPAKOWSKI | fot. Monika Aleksandrowicz&#8221; title_text=&#8221;MONOGRAFIA WACŁAW SZPAKOWSKI 46&#8243; hover_enabled=&#8221;0&#8243;][/et_pb_image][et_pb_image src=&#8221;https://artebuena.com/wp-content/uploads/2020/06/MONOGRAFIA-WACŁAW-SZPAKOWSKI-48.jpg&#8221; _builder_version=&#8221;4.4.8&#8243; alt=&#8221;MONOGRAFIA Wacław SZPAKOWSKI | fot. Monika Aleksandrowicz&#8221; title_text=&#8221;MONOGRAFIA WACŁAW SZPAKOWSKI 48&#8243; hover_enabled=&#8221;0&#8243;][/et_pb_image][/et_pb_column][et_pb_column _builder_version=&#8221;4.4.8&#8243; type=&#8221;3_4&#8243;][et_pb_text _builder_version=&#8221;4.4.8&#8243; hover_enabled=&#8221;0&#8243;] ­­­Projekt katalogu Witolda Liszkowskiego, Fluktuacje / Fluctuations, wydawca OKiS, Wrocław 2019 Projekt [&hellip;]</p>
