{"id":310,"date":"2019-01-21T12:10:00","date_gmt":"2019-01-21T11:10:00","guid":{"rendered":"https:\/\/artebuena.com\/?post_type=project&#038;p=310"},"modified":"2020-06-21T12:23:45","modified_gmt":"2020-06-21T10:23:45","slug":"mediacja-sztuki-monografia","status":"publish","type":"project","link":"https:\/\/artebuena.com\/index.php\/project\/mediacja-sztuki-monografia\/","title":{"rendered":"MEDIACJA SZTUKI, Monografia"},"content":{"rendered":"\n[et_pb_section fb_built=&#8221;1&#8243; _builder_version=&#8221;4.4.8&#8243;][et_pb_row column_structure=&#8221;3_4,1_4&#8243; _builder_version=&#8221;4.4.8&#8243; saved_tabs=&#8221;all&#8221;][et_pb_column type=&#8221;3_4&#8243; _builder_version=&#8221;4.4.8&#8243;][et_pb_gallery gallery_ids=&#8221;311,312,313,314,315,316,317,318,319,320,321,322,323,324,325,326,328&#8243; fullwidth=&#8221;on&#8221; _builder_version=&#8221;4.4.8&#8243; title_font=&#8221;Lato||||||||&#8221;][\/et_pb_gallery][\/et_pb_column][et_pb_column type=&#8221;1_4&#8243; _builder_version=&#8221;4.4.8&#8243;][et_pb_text _builder_version=&#8221;4.4.8&#8243; custom_padding=&#8221;13px||0px|||&#8221; hover_enabled=&#8221;0&#8243;]<h5><span>MEDIACJA SZTUKI, Monografia.<\/span><\/h5>\n<h5>fot. Monika Aleksandrowicz<\/h5>\n<p>Autorzy:<br \/> Daria Milecka, Andrzej Drohomirecki,\u00a0<span class=\"text_exposed_show\">Andrzej Kosto\u0142owski, Dorota Koczanowicz, Kazimierz Piotrowski, Juliusz Grzybowski, Emilia Fabianczyk, Mateusz Bieczy\u0144ski, Agnieszka Kubicka-Dzieduszycka &amp; Piotr Krajewski, Eugeniusz J\u00f3zefowski, Tomasz Opania, Monika Aleksandrowicz, Dominika Katarzyna Borkowska, Natalia Go\u0142ubowska, Kamila Wolszczak, Ignacy Oboz, Zuzanna Wollny, Zuzanna Czajkowska<\/span><\/p>\n<div class=\"text_exposed_show\">\n<p>Redakcja: Daria Milecka<br \/> Recenzja naukowa: dr hab. Janina Florczykiewicz<br \/> Wsp\u00f3\u0142praca redakcyjna i korekta: El\u017cbieta \u0141ubowicz<br \/> Projekt graficzny i sk\u0142ad: Monika Aleksandrowicz<br \/> Na ok\u0142adce: Andrzej Kosto\u0142owski, &#8222;Co daje mediacja sztuki?&#8221;<\/p>\n<p><span>Monografia sfinansowana ze \u015brodk\u00f3w Akademii Sztuk Pi\u0119knych im. Eugeniusza Gepperta we Wroc\u0142awiu.<\/span><\/p>\n<p>Seria Wydawnicza Katedry Mediacji Sztuki<br \/> Drukarnia: System \u2013 Graf<br \/> Wroc\u0142aw 2019<\/p>\n<\/div>[\/et_pb_text][\/et_pb_column][\/et_pb_row][\/et_pb_section]\n","protected":false},"excerpt":{"rendered":"","protected":false},"author":1,"featured_media":315,"comment_status":"open","ping_status":"closed","template":"","meta":{"_et_pb_use_builder":"on","_et_pb_old_content":"","_et_gb_content_width":"","footnotes":""},"project_category":[24,14,22,7],"project_tag":[4,5,23,11,2],"class_list":["post-310","project","type-project","status-publish","has-post-thumbnail","hentry","project_category-asp","project_category-ksiazka","project_category-mediacja-sztuki","project_category-monografia","project_tag-aleksandrowicz","project_tag-arte-buena","project_tag-asp","project_tag-ksiazka","project_tag-monografia"],"_links":{"self":[{"href":"https:\/\/artebuena.com\/index.php\/wp-json\/wp\/v2\/project\/310"}],"collection":[{"href":"https:\/\/artebuena.com\/index.php\/wp-json\/wp\/v2\/project"}],"about":[{"href":"https:\/\/artebuena.com\/index.php\/wp-json\/wp\/v2\/types\/project"}],"author":[{"embeddable":true,"href":"https:\/\/artebuena.com\/index.php\/wp-json\/wp\/v2\/users\/1"}],"replies":[{"embeddable":true,"href":"https:\/\/artebuena.com\/index.php\/wp-json\/wp\/v2\/comments?post=310"}],"version-history":[{"count":5,"href":"https:\/\/artebuena.com\/index.php\/wp-json\/wp\/v2\/project\/310\/revisions"}],"predecessor-version":[{"id":335,"href":"https:\/\/artebuena.com\/index.php\/wp-json\/wp\/v2\/project\/310\/revisions\/335"}],"wp:featuredmedia":[{"embeddable":true,"href":"https:\/\/artebuena.com\/index.php\/wp-json\/wp\/v2\/media\/315"}],"wp:attachment":[{"href":"https:\/\/artebuena.com\/index.php\/wp-json\/wp\/v2\/media?parent=310"}],"wp:term":[{"taxonomy":"project_category","embeddable":true,"href":"https:\/\/artebuena.com\/index.php\/wp-json\/wp\/v2\/project_category?post=310"},{"taxonomy":"project_tag","embeddable":true,"href":"https:\/\/artebuena.com\/index.php\/wp-json\/wp\/v2\/project_tag?post=310"}],"curies":[{"name":"wp","href":"https:\/\/api.w.org\/{rel}","templated":true}]}}

[et_pb_section fb_built=&#8221;1&#8243; _builder_version=&#8221;4.4.8&#8243;][et_pb_row column_structure=&#8221;3_4,1_4&#8243; _builder_version=&#8221;4.4.8&#8243; saved_tabs=&#8221;all&#8221;][et_pb_column type=&#8221;3_4&#8243; _builder_version=&#8221;4.4.8&#8243;][et_pb_gallery gallery_ids=&#8221;311,312,313,314,315,316,317,318,319,320,321,322,323,324,325,326,328&#8243; fullwidth=&#8221;on&#8221; _builder_version=&#8221;4.4.8&#8243; title_font=&#8221;Lato||||||||&#8221;][/et_pb_gallery][/et_pb_column][et_pb_column type=&#8221;1_4&#8243; _builder_version=&#8221;4.4.8&#8243;][et_pb_text _builder_version=&#8221;4.4.8&#8243; custom_padding=&#8221;13px||0px|||&#8221; hover_enabled=&#8221;0&#8243;]<h5><span>MEDIACJA SZTUKI, Monografia.</span></h5>
<h5>fot. Monika Aleksandrowicz</h5>
<p>Autorzy:<br /> Daria Milecka, Andrzej Drohomirecki, <span class="text_exposed_show">Andrzej Kostołowski, Dorota Koczanowicz, Kazimierz Piotrowski, Juliusz Grzybowski, Emilia Fabianczyk, Mateusz Bieczyński, Agnieszka Kubicka-Dzieduszycka &amp; Piotr Krajewski, Eugeniusz Józefowski, Tomasz Opania, Monika Aleksandrowicz, Dominika Katarzyna Borkowska, Natalia Gołubowska, Kamila Wolszczak, Ignacy Oboz, Zuzanna Wollny, Zuzanna Czajkowska</span></p>
<div class="text_exposed_show">
<p>Redakcja: Daria Milecka<br /> Recenzja naukowa: dr hab. Janina Florczykiewicz<br /> Współpraca redakcyjna i korekta: Elżbieta Łubowicz<br /> Projekt graficzny i skład: Monika Aleksandrowicz<br /> Na okładce: Andrzej Kostołowski, &#8222;Co daje mediacja sztuki?&#8221;</p>
<p><span>Monografia sfinansowana ze środków Akademii Sztuk Pięknych im. Eugeniusza Gepperta we Wrocławiu.</span></p>
<p>Seria Wydawnicza Katedry Mediacji Sztuki<br /> Drukarnia: System – Graf<br /> Wrocław 2019</p>
</div>[/et_pb_text][/et_pb_column][/et_pb_row][/et_pb_section]
