{"id":560,"date":"2018-09-16T12:05:00","date_gmt":"2018-09-16T10:05:00","guid":{"rendered":"https:\/\/artebuena.com\/?post_type=project&#038;p=560"},"modified":"2020-06-22T12:05:52","modified_gmt":"2020-06-22T10:05:52","slug":"malgorzata-dajewska-piotr-blazejewski-dopelnianie","status":"publish","type":"project","link":"https:\/\/artebuena.com\/index.php\/project\/malgorzata-dajewska-piotr-blazejewski-dopelnianie\/","title":{"rendered":"Ma\u0142gorzata Dajewska &#038; Piotr B\u0142a\u017cejewski DOPE\u0141NIANIE"},"content":{"rendered":"\n[et_pb_section fb_built=&#8221;1&#8243; _builder_version=&#8221;4.4.8&#8243;][et_pb_row column_structure=&#8221;3_4,1_4&#8243; _builder_version=&#8221;4.4.8&#8243; saved_tabs=&#8221;all&#8221;][et_pb_column type=&#8221;3_4&#8243; _builder_version=&#8221;4.4.8&#8243;][et_pb_gallery gallery_ids=&#8221;561,572,571,570,569,568,567,566,565,564,563,562&#8243; fullwidth=&#8221;on&#8221; _builder_version=&#8221;4.4.8&#8243; title_font=&#8221;Lato||||||||&#8221; hover_enabled=&#8221;0&#8243;][\/et_pb_gallery][\/et_pb_column][et_pb_column type=&#8221;1_4&#8243; _builder_version=&#8221;4.4.8&#8243;][et_pb_text _builder_version=&#8221;4.4.8&#8243; custom_padding=&#8221;||1px|||&#8221; hover_enabled=&#8221;0&#8243;]<h5>Album &#8222;Ma\u0142gorzata Dajewska &amp; Piotr B\u0142a\u017cejewski DOPE\u0141NIANIE&#8221;<\/h5>\n<p>Ksi\u0105\u017cka towarzyszy\u0142a wystawie prac artyst\u00f3w w Pa\u0142acu Schoena, Muzeum, w\u00a0Sosnowcu.<br \/> Kurator wystawy: Ewa Chmielewska, Koordynator katalogu: Pawe\u0142 Wi\u0119c\u0142awek<br \/> Projekt ksi\u0105\u017cki\u00a0<a href=\"https:\/\/www.facebook.com\/monika.aleksandrowicz.37?__tn__=K-R&amp;eid=ARBKjuf6bAfxkCSxtjOMeBGn-dwXO8Wl_x2V9qFKh_wyuNlh7ILg6EVvc4NoBcf7g_F7w1QDWXu9lC_s&amp;fref=mentions&amp;__xts__%5B0%5D=68.ARDHlyOErjx4pfXSolBQLVzWMVNcDZajHgygy2Y8JZC03bXydOCb1Zb5qLeKQRccIsUD8RGo6MIObK5UMl5k5RoSBc7U_Zh3anPwFGqoINMEX9_9Js2YfKZUYj0j9kbzcqVRgRYk3Mms-aL-RCXmYSII01_Zx1zQPWAe2CGSuvTZO3DlbBklXWGXyY4ZDPxoOmQzYV_6lhSSwMtL-htdYZ0Hn5SP2LJWB2IA-o4MXaA8HH7i36yt06QC5pLfcSYKoA2TJWbGg8mFvKoqj5hwO0mLTlODfmAHhUs6FDS90wlk6_rWiv2PQhaqJY2ya6oD4ry9gWdtkA9ajO6J5HjWwF8EUA\">Monika Aleksandrowicz<\/a><br \/> na zlecenie ASP we Wroc\u0142awiu, 2018<br \/> Druk:\u00a0Centrum Us\u0142ug Drukarskich Henryk Miler<\/p>\n<p>fot. Monika Aleksandrowicz<\/p>[\/et_pb_text][\/et_pb_column][\/et_pb_row][\/et_pb_section]\n","protected":false},"excerpt":{"rendered":"","protected":false},"author":1,"featured_media":561,"comment_status":"closed","ping_status":"closed","template":"","meta":{"_et_pb_use_builder":"on","_et_pb_old_content":"","_et_gb_content_width":"","footnotes":""},"project_category":[13,24,14,51],"project_tag":[4,5,58,57,59],"class_list":["post-560","project","type-project","status-publish","has-post-thumbnail","hentry","project_category-album","project_category-asp","project_category-ksiazka","project_category-ksiazka-artystyczna","project_tag-aleksandrowicz","project_tag-arte-buena","project_tag-blazejewski","project_tag-dajewska","project_tag-dopelnianie"],"_links":{"self":[{"href":"https:\/\/artebuena.com\/index.php\/wp-json\/wp\/v2\/project\/560"}],"collection":[{"href":"https:\/\/artebuena.com\/index.php\/wp-json\/wp\/v2\/project"}],"about":[{"href":"https:\/\/artebuena.com\/index.php\/wp-json\/wp\/v2\/types\/project"}],"author":[{"embeddable":true,"href":"https:\/\/artebuena.com\/index.php\/wp-json\/wp\/v2\/users\/1"}],"replies":[{"embeddable":true,"href":"https:\/\/artebuena.com\/index.php\/wp-json\/wp\/v2\/comments?post=560"}],"version-history":[{"count":3,"href":"https:\/\/artebuena.com\/index.php\/wp-json\/wp\/v2\/project\/560\/revisions"}],"predecessor-version":[{"id":576,"href":"https:\/\/artebuena.com\/index.php\/wp-json\/wp\/v2\/project\/560\/revisions\/576"}],"wp:featuredmedia":[{"embeddable":true,"href":"https:\/\/artebuena.com\/index.php\/wp-json\/wp\/v2\/media\/561"}],"wp:attachment":[{"href":"https:\/\/artebuena.com\/index.php\/wp-json\/wp\/v2\/media?parent=560"}],"wp:term":[{"taxonomy":"project_category","embeddable":true,"href":"https:\/\/artebuena.com\/index.php\/wp-json\/wp\/v2\/project_category?post=560"},{"taxonomy":"project_tag","embeddable":true,"href":"https:\/\/artebuena.com\/index.php\/wp-json\/wp\/v2\/project_tag?post=560"}],"curies":[{"name":"wp","href":"https:\/\/api.w.org\/{rel}","templated":true}]}}

Małgorzata Dajewska &#038; Piotr Błażejewski DOPEŁNIANIE

[et_pb_section fb_built=&#8221;1&#8243; _builder_version=&#8221;4.4.8&#8243;][et_pb_row column_structure=&#8221;3_4,1_4&#8243; _builder_version=&#8221;4.4.8&#8243; saved_tabs=&#8221;all&#8221;][et_pb_column type=&#8221;3_4&#8243; _builder_version=&#8221;4.4.8&#8243;][et_pb_gallery gallery_ids=&#8221;561,572,571,570,569,568,567,566,565,564,563,562&#8243; fullwidth=&#8221;on&#8221; _builder_version=&#8221;4.4.8&#8243; title_font=&#8221;Lato||||||||&#8221; hover_enabled=&#8221;0&#8243;][/et_pb_gallery][/et_pb_column][et_pb_column type=&#8221;1_4&#8243; _builder_version=&#8221;4.4.8&#8243;][et_pb_text _builder_version=&#8221;4.4.8&#8243; custom_padding=&#8221;||1px|||&#8221; hover_enabled=&#8221;0&#8243;]<h5>Album &#8222;Małgorzata Dajewska &amp; Piotr Błażejewski DOPEŁNIANIE&#8221;</h5>
<p>Książka towarzyszyła wystawie prac artystów w Pałacu Schoena, Muzeum, w Sosnowcu.<br /> Kurator wystawy: Ewa Chmielewska, Koordynator katalogu: Paweł Więcławek<br /> Projekt książki <a href="https://www.facebook.com/monika.aleksandrowicz.37?__tn__=K-R&amp;eid=ARBKjuf6bAfxkCSxtjOMeBGn-dwXO8Wl_x2V9qFKh_wyuNlh7ILg6EVvc4NoBcf7g_F7w1QDWXu9lC_s&amp;fref=mentions&amp;__xts__%5B0%5D=68.ARDHlyOErjx4pfXSolBQLVzWMVNcDZajHgygy2Y8JZC03bXydOCb1Zb5qLeKQRccIsUD8RGo6MIObK5UMl5k5RoSBc7U_Zh3anPwFGqoINMEX9_9Js2YfKZUYj0j9kbzcqVRgRYk3Mms-aL-RCXmYSII01_Zx1zQPWAe2CGSuvTZO3DlbBklXWGXyY4ZDPxoOmQzYV_6lhSSwMtL-htdYZ0Hn5SP2LJWB2IA-o4MXaA8HH7i36yt06QC5pLfcSYKoA2TJWbGg8mFvKoqj5hwO0mLTlODfmAHhUs6FDS90wlk6_rWiv2PQhaqJY2ya6oD4ry9gWdtkA9ajO6J5HjWwF8EUA">Monika Aleksandrowicz</a><br /> na zlecenie ASP we Wrocławiu, 2018<br /> Druk: Centrum Usług Drukarskich Henryk Miler</p>
<p>fot. Monika Aleksandrowicz</p>[/et_pb_text][/et_pb_column][/et_pb_row][/et_pb_section]
