{"id":638,"date":"2014-06-22T13:34:00","date_gmt":"2014-06-22T11:34:00","guid":{"rendered":"https:\/\/artebuena.com\/?post_type=project&#038;p=638"},"modified":"2020-06-22T13:35:35","modified_gmt":"2020-06-22T11:35:35","slug":"piotr-blazejewski-w-drodze-razem-ze-mna","status":"publish","type":"project","link":"https:\/\/artebuena.com\/index.php\/project\/piotr-blazejewski-w-drodze-razem-ze-mna\/","title":{"rendered":"Piotr B\u0142a\u017cejewski W DRODZE \u2013 razem ze mn\u0105"},"content":{"rendered":"\n[et_pb_section fb_built=&#8221;1&#8243; _builder_version=&#8221;4.4.8&#8243;][et_pb_row column_structure=&#8221;3_4,1_4&#8243; _builder_version=&#8221;4.4.8&#8243; saved_tabs=&#8221;all&#8221;][et_pb_column type=&#8221;3_4&#8243; _builder_version=&#8221;4.4.8&#8243;][et_pb_gallery gallery_ids=&#8221;639,650,649,648,647,646,645,644,643,642,641,640&#8243; fullwidth=&#8221;on&#8221; _builder_version=&#8221;4.4.8&#8243; title_font=&#8221;Lato||||||||&#8221; hover_enabled=&#8221;0&#8243;][\/et_pb_gallery][\/et_pb_column][et_pb_column type=&#8221;1_4&#8243; _builder_version=&#8221;4.4.8&#8243;][et_pb_text _builder_version=&#8221;4.4.8&#8243; custom_padding=&#8221;||1px|||&#8221; hover_enabled=&#8221;0&#8243;]<h5>Piotr B\u0141A\u017bEJEWSKI &#8222;W DRODZE \u2013 razem ze mn\u0105&#8221;,<\/h5>\n<p>Monografia zrealizowana przy wsp\u00f3\u0142pracy z\u00a0Piotrem B\u0142a\u017cejewskim<br \/> Projekt ksi\u0105\u017cki\u00a0<a href=\"https:\/\/www.facebook.com\/monika.aleksandrowicz.37?__tn__=K-R&amp;eid=ARBKjuf6bAfxkCSxtjOMeBGn-dwXO8Wl_x2V9qFKh_wyuNlh7ILg6EVvc4NoBcf7g_F7w1QDWXu9lC_s&amp;fref=mentions&amp;__xts__%5B0%5D=68.ARDHlyOErjx4pfXSolBQLVzWMVNcDZajHgygy2Y8JZC03bXydOCb1Zb5qLeKQRccIsUD8RGo6MIObK5UMl5k5RoSBc7U_Zh3anPwFGqoINMEX9_9Js2YfKZUYj0j9kbzcqVRgRYk3Mms-aL-RCXmYSII01_Zx1zQPWAe2CGSuvTZO3DlbBklXWGXyY4ZDPxoOmQzYV_6lhSSwMtL-htdYZ0Hn5SP2LJWB2IA-o4MXaA8HH7i36yt06QC5pLfcSYKoA2TJWbGg8mFvKoqj5hwO0mLTlODfmAHhUs6FDS90wlk6_rWiv2PQhaqJY2ya6oD4ry9gWdtkA9ajO6J5HjWwF8EUA\">Monika Aleksandrowicz<\/a><br \/> na zlecenie O\u015brodka Kultury i Sztuki we Wroc\u0142awiu, 2014<br \/> redakcja: El\u017cbieta \u0141ubowicz,<br \/> Druk: Mo\u015b &amp; \u0141uczak, Pozna\u0144<\/p>\n<p>fot. Monika Aleksandrowicz<\/p>\n[\/et_pb_text][\/et_pb_column][\/et_pb_row][\/et_pb_section]\n","protected":false},"excerpt":{"rendered":"","protected":false},"author":1,"featured_media":639,"comment_status":"closed","ping_status":"closed","template":"","meta":{"_et_pb_use_builder":"on","_et_pb_old_content":"","_et_gb_content_width":"","footnotes":""},"project_category":[13,24,7,31],"project_tag":[4,5,67,23,58,45,68],"class_list":["post-638","project","type-project","status-publish","has-post-thumbnail","hentry","project_category-album","project_category-asp","project_category-monografia","project_category-okis","project_tag-aleksandrowicz","project_tag-arte-buena","project_tag-artebuena","project_tag-asp","project_tag-blazejewski","project_tag-malarstwo","project_tag-okis"],"_links":{"self":[{"href":"https:\/\/artebuena.com\/index.php\/wp-json\/wp\/v2\/project\/638"}],"collection":[{"href":"https:\/\/artebuena.com\/index.php\/wp-json\/wp\/v2\/project"}],"about":[{"href":"https:\/\/artebuena.com\/index.php\/wp-json\/wp\/v2\/types\/project"}],"author":[{"embeddable":true,"href":"https:\/\/artebuena.com\/index.php\/wp-json\/wp\/v2\/users\/1"}],"replies":[{"embeddable":true,"href":"https:\/\/artebuena.com\/index.php\/wp-json\/wp\/v2\/comments?post=638"}],"version-history":[{"count":3,"href":"https:\/\/artebuena.com\/index.php\/wp-json\/wp\/v2\/project\/638\/revisions"}],"predecessor-version":[{"id":654,"href":"https:\/\/artebuena.com\/index.php\/wp-json\/wp\/v2\/project\/638\/revisions\/654"}],"wp:featuredmedia":[{"embeddable":true,"href":"https:\/\/artebuena.com\/index.php\/wp-json\/wp\/v2\/media\/639"}],"wp:attachment":[{"href":"https:\/\/artebuena.com\/index.php\/wp-json\/wp\/v2\/media?parent=638"}],"wp:term":[{"taxonomy":"project_category","embeddable":true,"href":"https:\/\/artebuena.com\/index.php\/wp-json\/wp\/v2\/project_category?post=638"},{"taxonomy":"project_tag","embeddable":true,"href":"https:\/\/artebuena.com\/index.php\/wp-json\/wp\/v2\/project_tag?post=638"}],"curies":[{"name":"wp","href":"https:\/\/api.w.org\/{rel}","templated":true}]}}

Piotr Błażejewski W DRODZE – razem ze mną

[et_pb_section fb_built=&#8221;1&#8243; _builder_version=&#8221;4.4.8&#8243;][et_pb_row column_structure=&#8221;3_4,1_4&#8243; _builder_version=&#8221;4.4.8&#8243; saved_tabs=&#8221;all&#8221;][et_pb_column type=&#8221;3_4&#8243; _builder_version=&#8221;4.4.8&#8243;][et_pb_gallery gallery_ids=&#8221;639,650,649,648,647,646,645,644,643,642,641,640&#8243; fullwidth=&#8221;on&#8221; _builder_version=&#8221;4.4.8&#8243; title_font=&#8221;Lato||||||||&#8221; hover_enabled=&#8221;0&#8243;][/et_pb_gallery][/et_pb_column][et_pb_column type=&#8221;1_4&#8243; _builder_version=&#8221;4.4.8&#8243;][et_pb_text _builder_version=&#8221;4.4.8&#8243; custom_padding=&#8221;||1px|||&#8221; hover_enabled=&#8221;0&#8243;]<h5>Piotr BŁAŻEJEWSKI &#8222;W DRODZE – razem ze mną&#8221;,</h5>
<p>Monografia zrealizowana przy współpracy z Piotrem Błażejewskim<br /> Projekt książki <a href="https://www.facebook.com/monika.aleksandrowicz.37?__tn__=K-R&amp;eid=ARBKjuf6bAfxkCSxtjOMeBGn-dwXO8Wl_x2V9qFKh_wyuNlh7ILg6EVvc4NoBcf7g_F7w1QDWXu9lC_s&amp;fref=mentions&amp;__xts__%5B0%5D=68.ARDHlyOErjx4pfXSolBQLVzWMVNcDZajHgygy2Y8JZC03bXydOCb1Zb5qLeKQRccIsUD8RGo6MIObK5UMl5k5RoSBc7U_Zh3anPwFGqoINMEX9_9Js2YfKZUYj0j9kbzcqVRgRYk3Mms-aL-RCXmYSII01_Zx1zQPWAe2CGSuvTZO3DlbBklXWGXyY4ZDPxoOmQzYV_6lhSSwMtL-htdYZ0Hn5SP2LJWB2IA-o4MXaA8HH7i36yt06QC5pLfcSYKoA2TJWbGg8mFvKoqj5hwO0mLTlODfmAHhUs6FDS90wlk6_rWiv2PQhaqJY2ya6oD4ry9gWdtkA9ajO6J5HjWwF8EUA">Monika Aleksandrowicz</a><br /> na zlecenie Ośrodka Kultury i Sztuki we Wrocławiu, 2014<br /> redakcja: Elżbieta Łubowicz,<br /> Druk: Moś &amp; Łuczak, Poznań</p>
<p>fot. Monika Aleksandrowicz</p>
[/et_pb_text][/et_pb_column][/et_pb_row][/et_pb_section]
